rt 8 (base 10) to base 6.
12
What is 2 (base 6) in base 4?
2
What is 14 (base 11) in base 15?
10
What is -50 (base 11) in base 2?
-110111
Convert -10 (base 14) to base 11.
-13
2 (base 14) to base 10
2
-4 (base 10) to base 15
-4
Convert -1 (base 5) to base 4.
-1
-3 (base 4) to base 13
-3
10 (base 3) to base 9
3
53 (base 6) to base 10
33
Convert 7 (base 9) to base 13.
7
41 (base 5) to base 7
30
-17 (base 16) to base 14
-19
Convert 6 (base 14) to base 15.
6
What is 0 (base 14) in base 7?
0
-103 (base 5) to base 13
-22
Convert 148 (base 13) to base 8.
345
What is -10 (base 10) in base 8?
-12
Convert 12b (base 14) to base 4.
3223
What is -6 (base 16) in base 14?
-6
Convert 2 (base 6) to base 5.
2
What is 5 (base 12) in base 11?
5
Convert -9 (base 14) to base 2.
-1001
-5 (base 13) to base 4
-11
Convert -22 (base 9) to base 13.
-17
-23 (base 5) to base 13
-10
What is 17 (base 13) in base 7?
26
What is -120 (base 5) in base 14?
-27
What is 0 (base 11) in base 7?
0
What is -10022 (base 3) in base 10?
-89
Convert -a (base 12) to base 7.
-13
Convert 25 (base 7) to base 11.
18
7 (base 13) to base 15
7
Convert -4 (base 16) to base 11.
-4
-5 (base 11) to base 9
-5
90 (base 10) to base 15
60
What is 100 (base 2) in base 7?
4
Convert 2 (base 14) to base 6.
2
Convert 0 (base 6) to base 12.
0
9 (base 10) to base 15
9
Convert -1 (base 13) to base 3.
-1
-9c (base 13) to base 9
-153
13 (base 6) to base 4
21
What is -46 (base 13) in base 8?
-72
Convert 12 (base 14) to base 6.
24
Convert 43 (base 11) to base 6.
115
144 (base 5) to base 13
3a
-2d (base 15) to base 10
-43
What is 0 (base 4) in base 13?
0
Convert -4 (base 9) to base 7.
-4
Convert 9 (base 11) to base 8.
11
Convert 2 (base 16) to base 9.
2
Convert 97 (base 16) to base 6.
411
Convert -2 (base 15) to base 7.
-2
What is 6 (base 14) in base 5?
11
Convert 4 (base 11) to base 2.
100
90 (base 15) to base 10
135
What is -1 (base 6) in base 4?
-1
Convert -46 (base 10) to base 16.
-2e
What is -235 (base 9) in base 10?
-194
What is 1 (base 10) in base 12?
1
410 (base 7) to base 10
203
Convert -14 (base 9) to base 6.
-21
Convert -62 (base 15) to base 2.
-1011100
What is 44 (base 11) in base 6?
120
-39 (base 12) to base 15
-30
What is 1001 (base 3) in base 15?
1d
What is -15 (base 10) in base 11?
-14
What is 2 (base 13) in base 11?
2
What is -16 (base 8) in base 2?
-1110
What is -21 (base 5) in base 3?
-102
Convert -2 (base 13) to base 8.
-2
Convert -20a (base 11) to base 6.
-1100
What is -1111011 (base 2) in base 14?
-8b
-3 (base 14) to base 7
-3
Convert -1 (base 11) to base 5.
-1
2 (base 7) to base 11
2
What is 6 (base 8) in base 15?
6
Convert 3 (base 10) to base 14.
3
What is -1 (base 14) in base 4?
-1
What is 5 (base 13) in base 12?
5
-87 (base 14) to base 3
-11102
43 (base 8) to base 15
25
What is -23 (base 6) in base 4?
-33
What is 3 (base 5) in base 11?
3
Convert 7 (base 12) to base 6.
11
Convert -75 (base 8) to base 4.
-331
Convert 9 (base 10) to base 7.
12
Convert -1 (base 3) to base 15.
-1
1 (base 7) to base 2
1
1b (base 14) to base 7
34
What is -101 (base 7) in base 16?
-32
-e (base 15) to base 8
-16
Convert -14 (base 15) to base 10.
-19
What is 3 (base 14) in base 11?
3
Convert 2 (base 7) to base 10.
2
What is -1012 (base 3) in base 16?
-20
-23 (base 7) to base 14
-13
-66 (base 13) to base 7
-150
-5 (base 16) to base 15
-5
3 (base 12) to base 4
3
What is 22 (base 4) in base 12?
a
-167 (base 12) to base 5
-1343
Convert 0 (base 5) to base 12.
0
What is 3 (base 6) in base 9?
3
0 (base 15) to base 7
0
What is 0 (base 9) in base 4?
0
What is -221 (base 3) in base 4?
-121
What is -210 (base 3) in base 6?
-33
What is -10 (base 7) in base 11?
-7
What is -98 (base 10) in base 6?
-242
What is 21 (base 4) in base 15?
9
Convert 2 (base 16) to base 11.
2
Convert -2 (base 9) to base 2.
-10
314 (base 6) to base 15
7d
What is -1 (base 14) in base 15?
-1
Convert 5 (base 13) to base 14.
5
What is -516 (base 7) in base 10?
-258
What is 79 (base 12) in base 3?
10110
-2 (base 8) to base 4
-2
What is 135 (base 12) in base 10?
185
2 (base 9) to base 4
2
2 (base 7) to base 14
2
What is -1 (base 10) in base 7?
-1
-140 (base 10) to base 2
-10001100
-32 (base 9) to base 13
-23
What is -5 (base 11) in base 12?
-5
-10 (base 4) to base 10
-4
-2 (base 13) to base 4
-2
What is -7a (base 15) in base 7?
-223
-d9 (base 14) to base 13
-119
Convert 1 (base 7) to base 14.
1
Convert 10010 (base 3) to base 16.
54
What is -3 (base 7) in base 15?
-3
74 (base 9) to base 7
124
23 (base 8) to base 9
21
What is 3 (base 5) in base 2?
11
What is -2 (base 3) in base 9?
-2
-6 (base 13) to base 10
-6
Convert 1 (base 13) to base 10.
1
What is 9 (base 11) in base 8?
11
What is 10 (base 12) in base 9?
13
Convert 128 (base 11) to base 9.
177
Convert 30 (base 4) to base 6.
20
Convert 0 (base 14) to base 5.
0
3 (base 13) to base 16
3
-3 (base 4) to base 3
-10
5 (base 16) to base 15
5
1 (base 4) to base 6
1
What is 229 (base 10) in base 14?
125
What is 40 (base 9) in base 6?
100
Convert 6 (base 8) to base 3.
20
What is 4 (base 16) in base 5?
4
-1101 (base 2) to base 4
-31
What is ab (base 15) in base 2?
10100001
-25 (base 10) to base 2
-11001
What is 178 (base 13) in base 6?
1124
-11 (base 3) to base 4
-10
What is 101101 (base 2) in base 8?
55
1 (base 8) to base 3
1
Convert 10 (base 4) to base 2.
100
Convert -1 (base 16) to base 12.
-1
Convert -20 (base 3) to base 11.
-6
-6 (base 11) to base 6
-10
1000011 (base 2) to base 15
47
What is -86 (base 12) in base 10?
-102
14 (base 5) to base 7
12
130 (base 8) to base 7
154
-3 (base 14) to base 7
-3
What is -3 (base 11) in base 3?
-10
What is -1 (base 5) in base 11?
-1
Convert 314 (base 8) to base 9.
246
What is 10 (base 16) in base 5?
31
What is 29 (base 12) in base 5?
113
Convert 1 (base 7) to base 12.
1
Convert -7 (base 14) to base 2.
-111
Convert -1 (base 14) to base 2.
-1
1b (base 12) to base 4
113
What is 41 (base 7) in base 11?
27
Convert 21 (base 4) to base 7.
12
What is 1 (base 15) in base 16?
1
Convert -1201 (base 4) to base 11.
-89
Convert -244 (base 8) to base 15.
-ae
Convert 11100 (base 2) to base 9.
31
What is 16 (base 13) in base 4?
103
What is 1 (base 10) in base 7?
1
What is 2 (base 14) in base 5?
2
What is -68 (base 11) in base 5?
-244
Convert -11000 (base 2) to base 9.
-26
What is -5 (base 14) in base 11?
-5
312 (base 4) to base 8
66
-12 (base 12) to base 4
-32
What is -111 (base 2) in base 11?
-7
Convert -21 (base 11) to base 16.
-17
What is -246 (base 7) in base 11?
-110
What is 4a (base 16) in base 10?
74
Convert 28 (base 12) to base 10.
32
Convert -221 (base 4) to base 16.
-29
56 (base 7) to base 16
29
Convert 1 (base 5) to base 6.
1
What is 134 (base 7) in base 13?
59
What is -112 (base 5) in base 13?
-26
Convert -17 (base 11) to base 14.
-14
Convert -11111 (base 3) to base 5.
-441
Convert 2 (base 11) to base 14.
2
100 (base 2) to base 15
4
What is 0 (base 15) in base 9?
0
-11 (base 5) to base 15
-6
Convert 1 (base 6) to base 15.
1
Convert 0 (base 9) to base 14.
0
Convert -17 (base 15) to base 16.
-16
1 (base 16) to base 3
1
What is 31 (base 6) in base 14?
15
-4 (base 12) to base 2
-100
-131 (base 5) to base 13
-32
1110 (base 2) to base 7
20
-2 (base 10) to base 7
-2
-7 (base 8) to base 12
-7
Convert 0 (base 2) to base 7.
0
2 (base 15) to base 2
10
1 (base 12) to base 9
1
What is 261 (base 9) in base 3?
22001
Convert 88 (base 12) to base 5.
404
-29 (base 13) to base 14
-27
0 (base 3) to base 13
0
What is 315 (base 7) in base 12?
113
21 (base 8) to base 10
17
What is -1 (base 8) in base 12?
-1
What is -1 (base 9) in base 8?
-1
What is -1404 (base 6) in base 11?
-301
Convert -2 (base 13) to base 14.
-2
-1 (base 13) to base 9
-1
What is 12 (base 14) in base 12?
14
Convert 101 (base 14) to base 15.
d2
0 (base 15) to base 13
0
Convert -5 (base 12) to base 13.
-5
What is -3 (base 13) in base 8?
-3
Convert -d (base 14) to base 5.
-23
3 (base 9) to base 11
3
What is -60 (base 10) in base 11?
-55
-1 (base 3) to base 8
-1
0 (base 5) to base 14
0
Convert -15 (base 12) to base 6.
-25
-bd (base 15) to base 4
-2302
What is 3 (base 9) in base 2?
11
52 (base 6) to base 7
44
0 (base 5) to base 14
0
d (base 14) to base 8
15
Convert -15a (base 12) to base 4.
-3112
What is 136 (base 7) in base 15?
51
Convert 1